).
4
Let g(m) = m**3 - 5*m**2 - 2*m + 1. Suppose -v = -6*v + 40. Let a = 4 - v. Let q = 1 - a. Give g(q).
-9
Let g(z) be the first derivative of -1/4*z**4 - 2/3*z**3 + 2 + 4*z + 5/2*z**2. What is g(-3)?
-2
Let c(d) = d**3 - 3*d**2 - 20*d + 12. Let n be c(6). Let b(m) be the second derivative of 0*m**3 - 1/2*m**2 + 5/6*m**4 + 10*m + n. What is b(1)?
9
Let g(v) = v**2 + 4*v - 4. Let l be g(-4). Let m(h) be the third derivative of h**5/60 + 5*h**4/24 + h**3/3 + 6*h**2. What is m(l)?
-2
Let q(l) be the first derivative of l**4/4 - 2*l**3/3 + 2*l + 2. Suppose p = 4*j - 12, -8*j + 12*j - 3*p - 12 = 0. Give q(j).
11
Let c = 42 + -43. Let s(y) = y + 1. Let g(w) = 3*w + 6. Let u(i) = 3*g(i) - 18*s(i). What is u(c)?
9
Let k(o) be the third derivative of -o**5/60 + o**4/3 - 7*o**3/6 + 148*o**2. Determine k(6).
5
Let y(j) be the third derivative of 1/12*j**4 - 28*j**2 + 1/30*j**5 + 0*j + 1/6*j**3 + 0. Let n be (1/2)/((-1)/2). Calculate y(n).
1
Let f(p) = -p + 8. Let l = -807 - -815. What is f(l)?
0
Let m be ((-6)/(-4))/((-15)/(-70)). Suppose 11*t = 12*t + m. Let i(l) = l**2 + 4*l - 5. Give i(t).
16
Suppose 5*z = -0*z - 65. Let s(u) = 11*u**2 + 2*u + 34. Let l(v) = 5*v**2 + v + 17. Let n(f) = z*l(f) + 6*s(f). Calculate n(0).
-17
Suppose 4*d - 124 = 7*t - 3*t, -3*t = -2*d + 60. Suppose 7*j + d = 10*j. Let i = j + -14. Let n(w) = w**2 - 2. Give n(i).
7
Let s(x) = 419*x - 105*x - 103*x - 108*x - 105*x + 2. Let z(q) = -q**2 + 5*q - 4. Let w be z(4). Suppose 3*b - 13 = 2*j, 0 = -w*b - b + 4*j + 1. Calculate s(b).
-8
Let o(c) = 4*c + 0*c - 5 + 0*c**2 - 2*c**2 + 8*c. Let b be o(5). Let a(v) = -v - 1 - v**2 - b - v**3 + 5. What is a(-1)?
0
Suppose -5*o + 10 + 15 = 0. Suppose -z = o*z - 12. Suppose 0 = 3*x - 4 - z. Let p(r) = -r**3 - 2*r**2 + 4*r - 3. Determine p(x).
-11
Let t(l) be the first derivative of 7*l**3/3 + l**2/2 + l - 160. What is t(-1)?
7
Let a(q) = q**3 + 3*q**2 + 2*q + 1. Let x be 4 - ((-2 - 2) + 48). Let p be 3/(-8) + 105/x. What is a(p)?
-5
Suppose 0*o - 48 = -8*o. Let c(k) = -8*k + o*k - k + 2*k + 3. Give c(2).
1
Let n(m) = m**3 - m**2 - m - 3. Let o(c) = -4*c**3 + 16*c**2 + 8. Let s(a) = n(a) + o(a). Determine s(5).
0
Let g(u) be the first derivative of -u**5/20 - u**3/6 + 4*u**2 - 18*u - 16. Let x(j) be the first derivative of g(j). Determine x(0).
8
Let c(i) = 3*i**3 - 8*i**2 + 3. Let w(z) = -16*z**3 + 39*z**2 - 17. Let o(j) = -11*c(j) - 2*w(j). Calculate o(10).
1
Let r(t) = -t**2 - 6*t - 1. Let s be 8 - 642/48 - (-3)/8. What is r(s)?
4
Let i = 109 - 26. Suppose -i + 18 = -5*p. Suppose 3 = 5*y + p. Let l(h) = -h**3 + 2*h**2 + 3*h + 3. Determine l(y).
13
Let v(q) = -4*q. Let d(b) = -b. Let l(a) = -7*d(a) + 2*v(a). Let g(f) = -5. Let k(r) = -g(r) - 3*l(r). Determine k(-5).
-10
Let b = -1055 + 6335/6. Let k(p) be the second derivative of 0 + 1/20*p**5 + b*p**3 - 7/12*p**4 - 4*p + 5/2*p**2. Give k(6).
-1
Suppose 5*y - 4*y - 4 = 0. Let n(o) be the third derivative of o**6/120 - o**5/12 + o**4/6 + o**3/6 - 15*o**2. Give n(y).
1
Let f(c) = -c**3 + 10*c**2 + 11*c + 10. Suppose 38*v - 51*v + 143 = 0. Calculate f(v).
10
Suppose 2*p = p. Suppose 3*u - 15 = -p*u. Let j(x) = -1 + 10*x - 11*x + 0 - x**2 + u*x**3. What is j(-1)?
-6
Let n(w) be the first derivative of -w**4/6 + w**3/3 + w**2/2 - 1. Let f(t) be the second derivative of n(t). Suppose -18*p - 226 = -280. Determine f(p).
-10
Let c(o) = o**2 + o - 1. Let p be (2/3)/(43/(-15) - -3). Suppose 17 = -0*r - 4*r - g, p = -g. Determine c(r).
5
Let q(i) = i**3 + i**2 - 2*i + 2. Let d(p) = -2*p**3 + 4*p**2 + 5*p + 2. Let c(k) = -d(k) - q(k). What is c(5)?
-19
Let b(v) = v**2 + 8*v + 6. Let i be b(-6). Let h = -9 - i. Let x(g) = -g - 4. Let d(q) = q + 3. Let z(n) = h*x(n) - 2*d(n). What is z(0)?
6
Let p(w) be the third derivative of 11*w**2 + 0 + 0*w - 3/2*w**3 + 1/8*w**4. Calculate p(6).
9
Let q(p) = p**2 - 5*p - 1. Suppose 0 = 5*g + 2*d - 7*d - 25, 5*g + d = 19. Give q(g).
-5
Let u(a) = -2*a - 1 - 2*a + 7*a. Let f(l) = -l - 1. Let v be f(-3). Let z be u(v). Let k(m) = -m**2 + 5*m + 5. Determine k(z).
5
Let x = 23 + -22. Let g be x/3*(1 + -1). Let c(m) = -3*m**3 + 1 + 2*m**3 + g*m + 3*m. What is c(-2)?
3
Suppose -r = 5*w - 6, 3*w = -5*r - 25 + 99. Let u(i) = -7 + 4 - 13*i - i**3 + r*i + 3*i**2. Determine u(4).
-7
Let s(v) be the second derivative of v**3/6 - v**2 + 19*v - 1. What is s(-4)?
-6
Let i = 333 + -341. Let k(s) = s**3 + 8*s**2 + s + 11. What is k(i)?
3
Let p(z) = -z**3 + 2*z**2 + z - 1. Suppose -8 = -r - 1. Let s(k) = -4*k**3 + 6*k**2 + 4*k - 4. Let d(j) = r*p(j) - 2*s(j). What is d(-2)?
3
Let z(s) = -s**2 - 5*s + 3. Let n be z(-4). Suppose -5 = -n*k + 23. Let q(y) = -y + 3. Calculate q(k).
-1
Let p(t) = 21*t**3 - 6*t**2 + 12. Let v(n) = -17*n**3 + 6*n**2 - n - 11. Let x(c) = 4*p(c) + 5*v(c). Calculate x(3).
5
Let l(o) = o - 2. Suppose -112 = -10*i - 4*i. Calculate l(i).
6
Let a be (-240)/72*(-12)/10. Let o(h) = -h + 1. Let j(x) = x. Let c(g) = -2*j(g) - 6*o(g). Determine c(a).
10
Let h(k) = 6*k**2 + k + 5. Let a(f) = 5*f**2 + f + 6. Let r(b) = -5*a(b) + 4*h(b). Calculate r(0).
-10
Let m(j) = -j**3 - 5*j**2 + j + 1. Let l(o) = -o**3 + 6*o**2 - o. Let r = -13 + 19. Let u be l(r). Let k = u + 1. Calculate m(k).
-4
Suppose 10 = 3*y + k, -4*y + 4*k - 8 = -0*k. Let u(l) = -3*l**2 - 5 + 11*l + y*l**2 - 3*l. Let g(r) = 3*r + 63. Let z be g(-19). Calculate u(z).
7
Suppose 76 + 20 = -12*i. Let s(k) = -k**3 - 9*k**2 - 8*k - 11. What is s(i)?
-11
Let m = 4 - -1. Let c(l) be the second derivative of -m*l - 2/3*l**3 - 1/20*l**5 + l**2 + 1/3*l**4 + 0. What is c(3)?
-1
Let z(r) = -176 + 520 - 174 + 6*r - 173. What is z(-4)?
-27
Let c(h) = 7*h + h**3 + 4 - 2 - 5 - 8*h**2. Let x be c(7). Let r = -5 - x. Let f(z) = z**3 + 2. Calculate f(r).
-6
Let h(g) = -7*g + 1. Let l be ((-1)/2)/((-1)/10). Let z(d) = -15*d + 3. Let t be 2 + 220/(-99) + (-32)/18. Let u(k) = l*h(k) + t*z(k). Calculate u(-2).
9
Let s(l) = -6066*l**2 + 1 + 4 + 6065*l**2. Calculate s(0).
5
Let v(s) = 7*s + 4. Suppose 3*g = 4*g + 2. Let w(f) = -3*f - 2. Suppose -3*c + 3*d = 3, -4*d - 15 = -c + d. Let b(l) = c*w(l) + g*v(l). Calculate b(-4).
-2
Let u(q) = -1 + 4*q + 2 - 3*q + 1. Let f(l) = -l - 2. Let g be f(-7). Let m = g - 5. Give u(m).
2
Let l(q) = -q**3 + 6*q**2 - 3*q + 12. Let a(r) = -r**3 - 20*r**2 + 3*r + 66. Let j be a(-20). What is l(j)?
-6
Let l(c) = -10*c + 24. Let m = 38 + -35. Let b(r) = -5*r - r + m*r + 8. Let v(f) = -7*b(f) + 2*l(f). Calculate v(0).
-8
Let x(w) = -75*w**2 - 1 + 226*w**2 - 74*w**2 + 2*w**3 - 3*w - 76*w**2 + 0*w. Give x(-3).
-37
Let y(w) = 35*w**2 + 0*w - 34*w**2 - 1 - w + 1. Calculate y(-6).
42
Suppose -4*o = -o. Let u = -39 + 42. Suppose o*b = u*b - 18. Let d(s) = s**3 - 5*s**2 - 8*s + 9. Calculate d(b).
-3
Let v(i) be the third derivative of -1/6*i**3 + 0 + 1/6*i**4 + 15*i**2 + 0*i. Calculate v(-3).
-13
Let k(g) = g**3 - 36*g - 29*g - 6*g**2 + 70*g - 6. Calculate k(6).
24
Let m(u) = -2*u**3 + 3*u**2 - u + 27. Let f(p) = -p**3 + p**2 + 13. Let a(v) = 13*f(v) - 6*m(v). What is a(-5)?
-23
Suppose -2 = -100*x + 98*x, -5*v - 6 = -x. Let j(t) = -22*t**2 + 2*t + 2. What is j(v)?
-22
Let g(c) = -c - 7. Let r be g(-5). Let b be -2 - (-1 - r - 3). Suppose -5*k - 18 + 8 = b. Let t(a) = -a + 1. Determine t(k).
3
Let n(d) = 71 - 28 - 51 + 6*d**2 - d**3 + 7*d. Determine n(7).
-8
Suppose -2*q - q = 0, -3*q = 5*k - 30. Let h(m) = 7 - m - 14 + k*m - m**2. Suppose -28*p + p + 135 = 0. Calculate h(p).
-7
Let r(x) = -x**3 + 6*x**2 - 5*x + 8. Let k(s) = s + 1. Let b(c) = -2*k(c) + r(c). What is b(5)?
-4
Let b = 31 - 13. Let z = 21 - b. Let d(k) = -k + z - k - 4. What is d(-1)?
1
Suppose -3*n + 21 = -5*y, 5*n = -5*y - 4 - 1. Suppose 3*f = 4*x + 21, 5*f - n*x + 4*x = 9. Let t(l) = l**2 - 3*l + 3. Calculate t(f).
3
Suppose -z + p - 2 = 0, 4*z + 5*p = z - 22. Let m(s) be the first derivative of s**3/3 + s**2 + s - 8. Calculate m(z).
9
Let v(f) = 2*f - 4. Suppose i + 8 = 5*d, -2*d - 3*i + 14 = 2*i. Let q be (4 - d)*(-55)/(-22). What is v(q)?
6
Let p(z) = 5*z + 20. Suppose 12*x + 131 - 59 = 0. Give p(x).
-10
Let s = 12 + -11. Suppose -d - 3 = s. Let y(t) be the third derivative of -t**4/8 - t**3/2 + 14*t**2. Give y(d).
9
Let c(f) = 4*f**2 - 2*f + 2. Let q(w) = w**2 - 3*w - 22. Let l be q(7). Suppose 0*t + 3*t = l. What is c(t)?
14
Let m = 45 